{"id":268,"date":"2018-01-31T11:46:36","date_gmt":"2018-01-31T04:46:36","guid":{"rendered":"http:\/\/hungrt.raothue.com\/phoruoungoai\/?post_type=product&#038;p=268"},"modified":"2018-01-31T22:09:01","modified_gmt":"2018-01-31T15:09:01","slug":"268","status":"publish","type":"product","link":"https:\/\/c422-phoruoungoai.com-vn.net\/?product=268","title":{"rendered":"Hennessy Cognag"},"content":{"rendered":"<p>V\u1edbi d\u00e1ng h\u00ecnh c\u1ee7a v\u1ecf chai \u0111\u00e3 g\u1eafn ch\u1eb7t v\u1edbi th\u1ebf gi\u1edbi h\u01a1n m\u1ed9t th\u1ebf k\u1ef7 qua. V\u1ecb r\u01b0\u1ee3u \u0111\u1ea7m c\u00f9ng v\u1edbi d\u00e1ng v\u1ebb m\u1ea1nh m\u1ebd, thanh l\u1ecbch l\u00e0 \u0111i\u1ec1u quen thu\u1ed9c v\u1edbi gi\u1edbi s\u00e0nh r\u01b0\u1ee3u.<\/p>\n<p>V.S l\u00e0 m\u1ed9t bi\u1ec3u hi\u1ec7n c\u1ee7a t\u1ea5t c\u1ea3 nh\u1eefng g\u00ec l\u00e0m cho Hennessy r\u1ea5t y\u00eau th\u01b0\u01a1ng. Cognac tr\u1ebb nh\u1ea5t trong d\u1ea3i v\u00e0 m\u1ed9t b\u1ed9 s\u01b0u t\u1eadp hi\u1ec7n \u0111\u1ea1i v\u1ec1 ng\u00f4i sao 3 sao c\u1ee7a Hennessy, n\u00f3 \u0111\u00f3ng g\u00f3i s\u1ef1 kh\u00f4n ngoan v\u00e0 s\u1ef1 chuy\u00ean nghi\u1ec7p c\u1ee7a Hennessy.<\/p>\n<p>N\u0103m 1817, \u0110\u1ee9c Vua t\u01b0\u01a1ng lai George IV c\u1ee7a n\u01b0\u1edbc Anh (khi \u0111\u00f3 ch\u01b0a l\u00ean ng\u00f4i) \u0111\u00e3 \u0111\u1ec1 ngh\u1ecb Hennessy cung c\u1ea5p cho Ng\u00e0i m\u1ed9t lo\u1ea1i r\u01b0\u1ee3u m\u00e0 \u00f4ng m\u00f4 t\u1ea3 theo \u0111\u1eb7t h\u00e0ng l\u00e0 \u201cVery Superior, Old and Pale cognac\u201d v\u00e0 th\u1ebf l\u00e0 Hennessy \u0111\u00e3 s\u1ea3n xu\u1ea5t lo\u1ea1i r\u01b0\u1ee3u vi\u1ebft t\u1eaft theo \u0111\u1eb7t h\u00e0ng c\u1ee7a Ho\u00e0ng Gia Anh l\u00e0 \u201cV.S.O.P.\u201d (V = Very, S = Superior, O = Old, P = Pale). \u0110\u1ebfn th\u1ebf k\u1ef7 19, nh\u00e3n hi\u1ec7u\u00a0r\u01b0\u1ee3u Hennessy\u00a0V.S.O.P. pha ch\u1ebf v\u1edbi kho\u1ea3ng 60 lo\u1ea1i r\u01b0\u1ee3u nho \u201cAux-de-vie\u201d cao tu\u1ed5i t\u1ed1i thi\u1ec3u 15 n\u0103m v\u00e0 ch\u1ec9 d\u00f9ng nho c\u1ee7a 4 v\u01b0\u1eddn nho h\u00e0ng \u0111\u1ea7u trong khu v\u1ef1c\u00a0<a title=\"R\u01b0\u1ee3u Cognac\" href=\"http:\/\/www.sieuthiruoungoai.com\/ruou-cognac\/\">Cognac<\/a>\u00a0m\u00e0 th\u00f4i.<\/p>\n","protected":false},"excerpt":{"rendered":"<p>R\u01b0\u1ee3u vang Chile Puro Huaso Family Selection Oak Barrel Aged \u0110\u1ea7y c\u00e1 t\u00ednh v\u00e0 quy\u1ebfn r\u0169 l\u00e0 nh\u1eefng n\u00e9t \u0111\u1eb7c tr\u01b0ng. Khi th\u01b0\u1edfng th\u1ee9c vang tho\u1ea1t ti\u00ean cho c\u1ea3m gi\u00e1c thanh tho\u00e1t, n\u1ec1n n\u00e3 v\u00e0 v\u00f4 c\u00f9ng m\u1ec1m m\u1ea1i. Nh\u01b0ng sau \u0111\u00f3 l\u1ea1i s\u00e2u s\u1eafc, \u0111\u1eadm \u0111\u00e0. Vang c\u00f3 s\u1ef1 h\u00f2a tr\u1ed9n kh\u00e9o l\u00e9o v\u00e0 tinh t\u1ebf c\u1ee7a nh\u1eefng h\u01b0\u01a1ng v\u1ecb kh\u00e1c nhau , r\u01b0\u1ee3u \u0111\u01b0\u1ee3c \u1ee7 trong th\u00f9ng g\u1ed7 s\u1ed3 Ph\u00e1p 24 th\u00e1ng, r\u01b0\u1ee3u \u0111\u01b0\u1ee3c \u0111\u00f3ng trong th\u00f9ng g\u1ed7 6 chai\/th\u00f9ng.<\/p>\n","protected":false},"featured_media":265,"comment_status":"open","ping_status":"closed","template":"","meta":[],"_links":{"self":[{"href":"https:\/\/c422-phoruoungoai.com-vn.net\/index.php?rest_route=\/wp\/v2\/product\/268"}],"collection":[{"href":"https:\/\/c422-phoruoungoai.com-vn.net\/index.php?rest_route=\/wp\/v2\/product"}],"about":[{"href":"https:\/\/c422-phoruoungoai.com-vn.net\/index.php?rest_route=\/wp\/v2\/types\/product"}],"replies":[{"embeddable":true,"href":"https:\/\/c422-phoruoungoai.com-vn.net\/index.php?rest_route=%2Fwp%2Fv2%2Fcomments&post=268"}],"wp:featuredmedia":[{"embeddable":true,"href":"https:\/\/c422-phoruoungoai.com-vn.net\/index.php?rest_route=\/wp\/v2\/media\/265"}],"wp:attachment":[{"href":"https:\/\/c422-phoruoungoai.com-vn.net\/index.php?rest_route=%2Fwp%2Fv2%2Fmedia&parent=268"}],"curies":[{"name":"wp","href":"https:\/\/api.w.org\/{rel}","templated":true}]}}